



{"id":1068,"date":"2020-08-26T21:40:17","date_gmt":"2020-08-26T21:40:17","guid":{"rendered":"http:\/\/bedstedloe.gruppesite.dk\/?page_id=1068"},"modified":"2025-05-08T21:07:46","modified_gmt":"2025-05-08T21:07:46","slug":"samkvaemsregler","status":"publish","type":"page","link":"https:\/\/bedstedloe.gruppesite.dk\/?page_id=1068","title":{"rendered":"Samkv\u00e6msregler"},"content":{"rendered":"\n<p>Samkv\u00e6msregler<\/p>\n\n\n\n<p>KFUM \u2013 spejderne har st\u00e6rke v\u00e6rdier og metoder for\nudvikling af b\u00f8rn og unge, som vi \u00f8nsker skal v\u00e6re afs\u00e6t for at udleve korpsets\nform\u00e5l. Her er det vigtigt, at vi har et godt milj\u00f8 for gode og meningsfulde\nrelationer, fx at vi kan have fysisk kontakt med hinanden, sove i telt sammen\nog dyrke aktiviteter som at bade i s\u00f8 og hav, p\u00e5 tv\u00e6rs af aldersgrupper og k\u00f8n.<br>\nKFUM \u2013 spejderne arbejder for, b\u00f8rn og unge imellem, samt unge og voksne\nimellem har gode og sunde relationer til hinanden som et afg\u00f8rende fundament\nfor god trivsel og samv\u00e6r i forbindelse med spejderaktiviteter.<br>\nI KFUM spejderne Bedsted L\u00d8 har vi et godt milj\u00f8 for gode og meningsfulde\nrelationer, ved at alle voksne tager ansvar for at f\u00f8lge gruppens\nsamv\u00e6rsregler.<\/p>\n\n\n\n<p><strong>Samv\u00e6rsregler:<\/strong><\/p>\n\n\n\n<ul class=\"wp-block-list\">\n<li>De voksne er rollemodeller ift. respektfyldt sprogbrug, med brug af p\u00e6n omgangstone blandt b\u00f8rn og unge, samt medledere. De voksne er opm\u00e6rksomme\/nysgerrige p\u00e5 situationer med anden undertone. <\/li>\n\n\n\n<li>Gruppens foto\/video politik overholdes til enhver tid, ift. aftaler med for\u00e6ldre (b\u00f8rn) og unge, samt respekterer for\u00e6ldres \u00f8nske om fjernelse af billeder\/ videoer. <\/li>\n\n\n\n<li>Det er barnets og den unges gr\u00e6nser, der er udgangspunktet for, hvor t\u00e6t voksne skal v\u00e6re p\u00e5 dem. Herunder respekt for b\u00f8rn og de unges bluf\u00e6rdighed fx under omkl\u00e6dning og badning. Dette g\u00f8re med professionalisme fra de voksne, samt bestr\u00e6belse efter at b\u00f8rnene og de unge klare det meste selv. De voksne kan til alle tider bede medvoksne om hj\u00e6lp. <\/li>\n\n\n\n<li>Piger og drenge kan sove blandet Her vil de voksne sikre, at alle har ret til at s\u00e6tte gr\u00e6nser, samt at omkl\u00e6dning kan ske uden af nogle f\u00f8ler sig kr\u00e6nket. Voksne og b\u00f8rn sover som udgangspunkt hver for sig. Men der kan v\u00e6re omst\u00e6ndigheder, som umuligg\u00f8r opdelt leder-\/ b\u00f8rn overnatning. Her er det de voksnes pligt at sikre, at overnatningen foreg\u00e5r under hensyntagen til alle. <\/li>\n\n\n\n<li>I KFUM Spejderne Bedsted L\u00d8 efterstr\u00e6bes, at der b\u00e5de er mandlige og kvindelige ledere i hver enhed. Dette er blandt andet \u00f8nskeligt for at im\u00f8dekomme situationer, hvor et barn \/ ung bliver bragt i forlegenhed, fordi vedkommende ikke kan g\u00e5 til en leder af eget k\u00f8n for at snakke fortroligt. Men det skal dog understreges, at mangel p\u00e5 det ene eller andet k\u00f8n aldrig m\u00e5 komme til at st\u00e5 i vejen for, at m\u00f8der eller lejre gennemf\u00f8res. <\/li>\n\n\n\n<li>I situationer, hvor der opst\u00e5r tvivl om oplevelser, h\u00e6ndelser eller forl\u00f8b i samv\u00e6ret mellem b\u00f8rn, unge og voksne, er det altid det enkle barn eller unges tarv, der s\u00e6ttes i centrum og varetages. <\/li>\n\n\n\n<li>Vi overholder lovgivningen og informerer unge og voksne om, at det er strafbart at have seksuel omgang med et barn under 15 \u00e5r. Og at det er strafbart at have et forhold med unge under 18 \u00e5r, hvis man er leder i gruppen, eller groft misbruger en overlegenhed i kraft af alder og erfaring. <\/li>\n\n\n\n<li>Der underrettes relevante myndigheder, eller sagen anmeldes, hvis vi f\u00e5r viden om, at et barn eller ung er undsat for eller har v\u00e6ret udsat for kr\u00e6nkelser eller overgreb.<\/li>\n\n\n\n<li>Alle der har b\u00f8rn med i bilen i forbindelse med arrangementer arrangeret af KFUM Spejderne Bedsted L\u00d8 skal fremvise gyldigt k\u00f8rekort hver gang der transporteres b\u00f8rn dette g\u00e6lder ogs\u00e5 for ledere der skal fremvise til enten anden leder eller for\u00e6lder<\/li>\n<\/ul>\n\n\n\n<p>opdateret 8\/5-2025<\/p>\n","protected":false},"excerpt":{"rendered":"<p>Samkv\u00e6msregler KFUM \u2013 spejderne har st\u00e6rke v\u00e6rdier og metoder for udvikling af b\u00f8rn og unge, som vi \u00f8nsker skal v\u00e6re..<\/p>\n","protected":false},"author":319,"featured_media":0,"parent":0,"menu_order":0,"comment_status":"closed","ping_status":"closed","template":"template\/template_enhed.php","meta":{"ngg_post_thumbnail":0,"footnotes":""},"class_list":["post-1068","page","type-page","status-publish","hentry"],"_links":{"self":[{"href":"https:\/\/bedstedloe.gruppesite.dk\/index.php?rest_route=\/wp\/v2\/pages\/1068","targetHints":{"allow":["GET"]}}],"collection":[{"href":"https:\/\/bedstedloe.gruppesite.dk\/index.php?rest_route=\/wp\/v2\/pages"}],"about":[{"href":"https:\/\/bedstedloe.gruppesite.dk\/index.php?rest_route=\/wp\/v2\/types\/page"}],"author":[{"embeddable":true,"href":"https:\/\/bedstedloe.gruppesite.dk\/index.php?rest_route=\/wp\/v2\/users\/319"}],"replies":[{"embeddable":true,"href":"https:\/\/bedstedloe.gruppesite.dk\/index.php?rest_route=%2Fwp%2Fv2%2Fcomments&post=1068"}],"version-history":[{"count":7,"href":"https:\/\/bedstedloe.gruppesite.dk\/index.php?rest_route=\/wp\/v2\/pages\/1068\/revisions"}],"predecessor-version":[{"id":1830,"href":"https:\/\/bedstedloe.gruppesite.dk\/index.php?rest_route=\/wp\/v2\/pages\/1068\/revisions\/1830"}],"wp:attachment":[{"href":"https:\/\/bedstedloe.gruppesite.dk\/index.php?rest_route=%2Fwp%2Fv2%2Fmedia&parent=1068"}],"curies":[{"name":"wp","href":"https:\/\/api.w.org\/{rel}","templated":true}]}}